actor of 45 and 207.
9
What is the highest common divisor of 2 and 278?
2
What is the greatest common divisor of 14043 and 186?
93
Calculate the greatest common factor of 3708 and 36.
36
What is the highest common factor of 180 and 43380?
180
What is the greatest common divisor of 1720 and 80?
40
What is the greatest common divisor of 170 and 85?
85
What is the highest common factor of 403 and 156?
13
What is the highest common factor of 1344 and 996?
12
What is the highest common divisor of 120 and 156?
12
Calculate the highest common factor of 407 and 37.
37
What is the greatest common divisor of 225 and 171?
9
Calculate the highest common divisor of 54 and 54.
54
What is the highest common divisor of 28 and 7?
7
Calculate the highest common divisor of 7826 and 98.
14
What is the highest common factor of 199 and 131141?
199
Calculate the highest common divisor of 60 and 11040.
60
Calculate the highest common divisor of 21 and 77.
7
Calculate the highest common factor of 174 and 232.
58
Calculate the greatest common divisor of 12280 and 120.
40
Calculate the highest common factor of 14 and 567.
7
Calculate the greatest common divisor of 10 and 830.
10
What is the highest common factor of 990 and 486?
18
Calculate the greatest common factor of 1364 and 440.
44
What is the highest common factor of 2023 and 238?
119
Calculate the greatest common divisor of 21582 and 198.
198
Calculate the highest common divisor of 10107 and 27.
9
What is the greatest common factor of 27965 and 255?
85
What is the highest common divisor of 9 and 111?
3
What is the highest common divisor of 90 and 495?
45
What is the highest common factor of 43 and 1247?
43
What is the highest common divisor of 33 and 264?
33
Calculate the greatest common divisor of 567 and 2079.
189
Calculate the greatest common divisor of 19 and 19.
19
What is the greatest common factor of 432 and 189?
27
Calculate the highest common divisor of 30 and 530.
10
What is the highest common factor of 3200 and 128?
128
Calculate the greatest common factor of 1054 and 62.
62
Calculate the greatest common factor of 46 and 2047.
23
What is the greatest common factor of 35 and 168?
7
What is the highest common divisor of 31 and 39959?
31
Calculate the greatest common divisor of 55 and 803.
11
Calculate the highest common factor of 30 and 190.
10
Calculate the greatest common factor of 996 and 6.
6
Calculate the highest common factor of 248 and 93.
31
What is the greatest common divisor of 1539 and 19?
19
Calculate the greatest common factor of 31 and 32.
1
What is the highest common factor of 249 and 42?
3
What is the greatest common divisor of 3790 and 10?
10
What is the greatest common factor of 15 and 840?
15
What is the greatest common factor of 14 and 112?
14
Calculate the highest common divisor of 63 and 1260.
63
What is the highest common factor of 228 and 12?
12
What is the greatest common divisor of 462 and 11154?
66
Calculate the greatest common divisor of 1066 and 52.
26
Calculate the greatest common divisor of 49 and 343.
49
What is the highest common divisor of 6870 and 90?
30
What is the highest common divisor of 1345 and 3766?
269
What is the highest common divisor of 3876 and 408?
204
Calculate the highest common factor of 923 and 71.
71
Calculate the highest common divisor of 789 and 18673.
263
Calculate the highest common factor of 40512 and 192.
192
Calculate the greatest common divisor of 1462 and 817.
43
What is the highest common divisor of 1620 and 240?
60
What is the greatest common factor of 70 and 490?
70
Calculate the greatest common factor of 286 and 66.
22
Calculate the highest common divisor of 245 and 196.
49
What is the greatest common divisor of 6 and 516?
6
What is the greatest common factor of 27 and 91017?
27
Calculate the greatest common divisor of 2133 and 81.
27
What is the greatest common factor of 54 and 414?
18
What is the highest common factor of 10096 and 32?
16
What is the greatest common divisor of 483 and 6?
3
What is the greatest common divisor of 2551 and 2?
1
Calculate the greatest common factor of 6 and 1941.
3
What is the greatest common divisor of 254 and 72?
2
What is the greatest common divisor of 2150 and 172?
86
Calculate the greatest common factor of 490 and 20.
10
What is the highest common factor of 1807 and 13?
13
Calculate the highest common divisor of 2516 and 221.
17
What is the highest common factor of 630 and 810?
90
What is the highest common factor of 216 and 16?
8
Calculate the highest common factor of 147 and 63.
21
What is the highest common divisor of 14 and 49?
7
What is the highest common divisor of 48 and 1408?
16
Calculate the highest common divisor of 30 and 165.
15
What is the greatest common factor of 692 and 4?
4
What is the greatest common divisor of 8732 and 888?
148
Calculate the greatest common factor of 148 and 37.
37
Calculate the highest common divisor of 301 and 7.
7
Calculate the greatest common divisor of 584 and 73.
73
Calculate the highest common factor of 899 and 62.
31
What is the highest common factor of 255 and 5?
5
What is the highest common factor of 25 and 800?
25
What is the greatest common divisor of 15424 and 64?
64
Calculate the highest common factor of 248 and 155.
31
Calculate the greatest common divisor of 44 and 10571.
11
What is the highest common factor of 134 and 871?
67
Calculate the greatest common divisor of 115 and 5635.
115
Calculate the highest common factor of 60 and 105.
15
Calculate the greatest common divisor of 715 and 110.
55
What is the greatest common divisor of 15 and 285?
15
Calculate the highest common factor of 7912 and 43.
43
What is the greatest common factor of 365 and 95?
5
What is the highest common divisor of 85 and 19465?
85
Calculate the greatest common factor of 53 and 424.
53
What is the highest common divisor of 1313 and 101?
101
What is the highest common divisor of 1547 and 182?
91
What is the highest common factor of 4096 and 768?
256
Calculate the highest common divisor of 25 and 395.
5
Calculate the greatest common factor of 1278 and 36.
18
Calculate the highest common divisor of 8 and 26.
2
What is the highest common factor of 25927 and 11?
11
What is the greatest common factor of 14 and 4781?
7
What is the highest common divisor of 770 and 1650?
110
What is the greatest common factor of 52 and 1404?
52
Calculate the highest common factor of 360 and 255.
15
What is the highest common divisor of 95 and 1178?
19
Calculate the greatest common divisor of 672 and 9492.
84
What is the greatest common divisor of 20 and 320?
20
Calculate the greatest common factor of 207 and 2967.
69
What is the highest common divisor of 594 and 132?
66
What is the greatest common divisor of 125 and 25?
25
What is the highest common factor of 1778 and 56?
14
What is the greatest common divisor of 14607 and 54?
27
What is the greatest common factor of 6672 and 12?
12
What is the highest common factor of 6 and 4?
2
What is the greatest common divisor of 32 and 328?
8
Calculate the greatest common divisor of 15 and 405.
15
Calculate the greatest common factor of 71 and 923.
71
What is the highest common factor of 3610 and 20?
10
What is the greatest common divisor of 118 and 59?
59
Calculate the highest common divisor of 10066 and 28.
14
Calculate the greatest common factor of 28 and 4.
4
What is the greatest common divisor of 6 and 51?
3
What is the highest common factor of 456 and 35340?
228
Calculate the highest common factor of 132 and 10692.
132
Calculate the greatest common divisor of 3630 and 20.
10
Calculate the greatest common factor of 16 and 19.
1
What is the greatest common factor of 6924 and 96?
12
Calculate the greatest common factor of 903 and 21.
21
Calculate the highest common divisor of 5 and 3215.
5
What is the highest common factor of 29965 and 65?
65
Calculate the highest common divisor of 8617 and 7.
7
What is the highest common factor of 143 and 117?
13
Calculate the highest common divisor of 63206 and 374.
374
Calculate the greatest common factor of 204 and 12.
12
What is the greatest common factor of 976 and 80?
16
What is the greatest common divisor of 36 and 522?
18
Calculate the greatest common factor of 306 and 3621.
51
Calculate the highest common factor o